 is divided by 206?
201
Calculate the remainder when 52080 is divided by 643.
640
What is the remainder when 12455 is divided by 1511?
367
Calculate the remainder when 6281 is divided by 1884.
629
Calculate the remainder when 462395 is divided by 1719.
1703
Calculate the remainder when 14136 is divided by 1869.
1053
Calculate the remainder when 2558 is divided by 536.
414
Calculate the remainder when 418896 is divided by 1243.
5
Calculate the remainder when 1968 is divided by 34.
30
Calculate the remainder when 2421 is divided by 105.
6
What is the remainder when 46298 is divided by 4629?
8
Calculate the remainder when 34989 is divided by 2331.
24
Calculate the remainder when 5254 is divided by 1716.
106
Calculate the remainder when 45468 is divided by 49.
45
What is the remainder when 1878 is divided by 861?
156
Calculate the remainder when 8079 is divided by 383.
36
What is the remainder when 3493 is divided by 579?
19
What is the remainder when 2147 is divided by 288?
131
What is the remainder when 5590 is divided by 925?
40
Calculate the remainder when 16580 is divided by 5470.
170
Calculate the remainder when 2605 is divided by 201.
193
Calculate the remainder when 7492 is divided by 537.
511
Calculate the remainder when 67528 is divided by 79.
62
What is the remainder when 42713 is divided by 236?
233
Calculate the remainder when 442308 is divided by 353.
352
What is the remainder when 922 is divided by 318?
286
What is the remainder when 27662 is divided by 59?
50
What is the remainder when 366097 is divided by 1049?
1045
What is the remainder when 3021 is divided by 13?
5
Calculate the remainder when 3621 is divided by 1809.
3
Calculate the remainder when 5926 is divided by 306.
112
Calculate the remainder when 3754 is divided by 1225.
79
What is the remainder when 760 is divided by 68?
12
Calculate the remainder when 30056 is divided by 90.
86
What is the remainder when 152398 is divided by 1712?
30
Calculate the remainder when 7928 is divided by 1180.
848
Calculate the remainder when 190632 is divided by 42.
36
What is the remainder when 2970 is divided by 42?
30
What is the remainder when 27634 is divided by 158?
142
What is the remainder when 28113 is divided by 218?
209
Calculate the remainder when 7723 is divided by 1902.
115
What is the remainder when 66659 is divided by 617?
23
What is the remainder when 1995 is divided by 643?
66
Calculate the remainder when 28374 is divided by 12.
6
What is the remainder when 93015 is divided by 1722?
27
What is the remainder when 56204 is divided by 1653?
2
Calculate the remainder when 1722 is divided by 718.
286
Calculate the remainder when 92198 is divided by 30731.
5
What is the remainder when 47298 is divided by 10?
8
What is the remainder when 1410604 is divided by 61?
40
What is the remainder when 150599 is divided by 91?
85
What is the remainder when 21700370 is divided by 77?
76
What is the remainder when 3754 is divided by 1229?
67
What is the remainder when 2532 is divided by 169?
166
Calculate the remainder when 27071 is divided by 3007.
8
Calculate the remainder when 12738 is divided by 98.
96
Calculate the remainder when 2769 is divided by 459.
15
Calculate the remainder when 1849 is divided by 161.
78
Calculate the remainder when 4630078 is divided by 1456.
1454
What is the remainder when 5484 is divided by 1671?
471
Calculate the remainder when 80186 is divided by 257.
2
Calculate the remainder when 216 is divided by 122.
94
Calculate the remainder when 212372 is divided by 527.
518
Calculate the remainder when 15679 is divided by 28.
27
Calculate the remainder when 29362 is divided by 139.
33
What is the remainder when 2674 is divided by 240?
34
Calculate the remainder when 307409 is divided by 169.
167
Calculate the remainder when 1278 is divided by 516.
246
Calculate the remainder when 30779 is divided by 405.
404
Calculate the remainder when 10283 is divided by 67.
32
Calculate the remainder when 17172 is divided by 429.
12
Calculate the remainder when 35852 is divided by 16.
12
What is the remainder when 4703 is divided by 132?
83
What is the remainder when 51065 is divided by 5105?
15
Calculate the remainder when 18940 is divided by 674.
68
What is the remainder when 960052 is divided by 59?
4
Calculate the remainder when 744991 is divided by 496.
495
Calculate the remainder when 3663 is divided by 153.
144
Calculate the remainder when 208867 is divided by 29.
9
Calculate the remainder when 287073 is divided by 20.
13
Calculate the remainder when 5767 is divided by 966.
937
What is the remainder when 185936 is divided by 389?
383
Calculate the remainder when 782 is divided by 281.
220
What is the remainder when 37356 is divided by 2667?
18
What is the remainder when 20896 is divided by 110?
106
What is the remainder when 938 is divided by 925?
13
Calculate the remainder when 2724 is divided by 14.
8
Calculate the remainder when 5211 is divided by 766.
615
Calculate the remainder when 284679 is divided by 11387.
4
What is the remainder when 372740 is divided by 2130?
2120
What is the remainder when 2218 is divided by 553?
6
What is the remainder when 94923 is divided by 76?
75
What is the remainder when 21113 is divided by 1508?
1
What is the remainder when 25469 is divided by 490?
479
Calculate the remainder when 267698 is divided by 176.
2
What is the remainder when 122885 is divided by 798?
791
Calculate the remainder when 14231 is divided by 7073.
85
Calculate the remainder when 23543 is divided by 2615.
8
What is the remainder when 2981 is divided by 3?
2
What is the remainder when 2330127 is divided by 33?
30
What is the remainder when 9783 is divided by 24?
15
What is the remainder when 13939 is divided by 6965?
9
What is the remainder when 13906 is divided by 186?
142
What is the remainder when 263718 is divided by 19?
17
Calculate the remainder when 5807338 is divided by 22.
20
Calculate the remainder when 1903 is divided by 40.
23
Calculate the remainder when 2938 is divided by 874.
316
Calculate the remainder when 3415 is divided by 3323.
92
Calculate the remainder when 83284 is divided by 41639.
6
Calculate the remainder when 38485 is divided by 12816.
37
Calculate the remainder when 2027 is divided by 248.
43
What is the remainder when 1868 is divided by 338?
178
Calculate the remainder when 49370 is divided by 230.
150
What is the remainder when 1027411 is divided by 116?
115
Calculate the remainder when 4580 is divided by 174.
56
Calculate the remainder when 43988 is divided by 415.
413
What is the remainder when 67595 is divided by 6?
5
Calculate the remainder when 3875473 is divided by 15.
13
Calculate the remainder when 11960 is divided by 2990.
0
What is the remainder when 25788 is divided by 12845?
98
Calculate the remainder when 5288 is divided by 473.
85
Calculate the remainder when 3864 is divided by 1286.
6
What is the remainder when 3872 is divided by 3739?
133
Calculate the remainder when 232573 is divided by 128.
125
What is the remainder when 1102 is divided by 156?
10
What is the remainder when 50919 is divided by 19?
18
Calculate the remainder when 7252 is divided by 40.
12
Calculate the remainder when 490251 is divided by 70034.
13
Calculate the remainder when 1941 is divided by 485.
1
Calculate the remainder when 14802 is divided by 161.
151
What is the remainder when 37292 is divided by 1638?
1256
What is the remainder when 45406 is divided by 264?
262
Calculate the remainder when 10996 is divided by 11.
7
What is the remainder when 41786 is divided by 40?
26
Calculate the remainder when 78728 is divided by 162.
158
Calculate the remainder when 117790 is divided by 36.
34
Calculate the remainder when 25742 is divided by 44.
2
Calculate the remainder when 200845 is divided by 195.
190
Calculate the remainder when 74565 is divided by 37277.
11
What is the remainder when 979 is divided by 202?
171
Calculate the remainder when 354 is divided by 60.
54
Calculate the remainder when 39684 is divided by 27.
21
Calculate the remainder when 3535 is divided by 3533.
2
Calculate the remainder when 7910 is divided by 193.
190
Calculate the remainder when 42334 is divided by 396.
358
What is the remainder when 856 is divided by 335?
186
Calculate t